he units digit of (108/(-20))/(h/(-20))?
7
Suppose -3*l - 106 = 140. Let o = -20 - l. What is the tens digit of o?
6
What is the thousands digit of (3910/42 + 6/(-14))*12?
1
Suppose 0*j - 1074 = 6*j. Let x = -29 - j. What is the hundreds digit of x?
1
Let q(h) = -h - 2. Suppose -2*u + 4*n - 22 = 0, -3*u - 5*n + 11 = -0*u. What is the units digit of q(u)?
1
Let w = -27 - -29. Suppose -5*x - 5*j + 75 = 0, -w*j - j = -4*x + 25. Suppose 4*o + x = 94. What is the tens digit of o?
2
Let f(x) = 124*x**2 - 5*x + 5. What is the tens digit of f(2)?
9
Let j be (0/(-1))/(1 - -1). Suppose 2*z + 656 = 5*g - z, 4*z + 8 = j. What is the units digit of g?
0
Let w be ((-10)/3)/(4/(-6)). Suppose -w*j + 0 = -255. What is the tens digit of j?
5
Let t(u) = -9*u + 620. What is the hundreds digit of t(28)?
3
Suppose 0 = 2*p + 2*x + 10, -p + 4*x - 10 = -0*x. Let t(a) = -2*a**3 - 9*a**2 - 3*a + 9. What is the hundreds digit of t(p)?
1
Let k = 329 - 198. Suppose -17 = 6*t - k. What is the units digit of t?
9
Let d be (-1 - (-2 - 1)) + -4. Let f = 6 + d. Suppose 10 = -3*w - 5*u, 0*w = 3*w + f*u + 5. What is the units digit of w?
5
Let s(a) = 2*a - 12. Let o be s(6). Suppose -2*z + 5*g = -143, o*z - 3*z = g - 223. What is the tens digit of z?
7
Let t be (-1 - 2181/(-27)) + (-2)/(-9). Suppose 0 = -4*r - 0*p - p + 76, -5*p = -3*r + t. What is the tens digit of r?
2
Let n = -3 + 119. Let s = -72 + n. What is the tens digit of s?
4
Suppose -7 = -z - 2*r + 7, -11 = -4*z + r. Suppose 0 = z*g + 4, 3*g = -f - 4*f + 207. What is the units digit of f?
2
Let a(t) = 11*t - 1. Let j be a(1). Let w(q) = q**2 + 32*q + 59. Let x be w(-30). Let h = j - x. What is the units digit of h?
1
Suppose -h + 7 = 4. Suppose -2*y - 52 = -k - y, -k + h*y = -50. What is the tens digit of k?
5
Let t = 10 + 14. Suppose -4*k - t = 2*a, 3*a = 5*k + 16 + 3. Let w(q) = q**2 + q + 6. What is the tens digit of w(k)?
2
Let y be 265/(-3) + (-16)/24. Let f = y - -213. What is the units digit of f?
4
Let n(c) = c**3 + 2*c**2 - c - 1. Suppose 0 = 12*r - 14*r + 30. Suppose r = -5*l, -5*h = -h + 3*l + 1. What is the tens digit of n(h)?
1
Suppose 3*o = -3*u + 4725, 2*u - 4728 = -22*o + 19*o. What is the thousands digit of o?
1
What is the tens digit of 230*-18*(-14)/63?
2
Suppose 66*w - 63*w + 117 = 0. What is the tens digit of (w/(-2))/((-78)/16 + 5)?
5
Let d be (-4)/(-14) - 1368/(-63). What is the tens digit of d/(-77) + 3/(42/452)?
3
Suppose 30 = r - 15. Suppose 17 = -4*p + r. Let j(s) = -s**3 + 9*s**2 - 10*s - 2. What is the units digit of j(p)?
6
Suppose -4*c = -2*t + 1388, -4*t + c + 2800 = -c. What is the tens digit of t?
0
Suppose 8833 = 79*y - 68*y. What is the tens digit of y?
0
Let z(m) be the third derivative of m**6/120 + 11*m**5/60 + 5*m**4/24 - 2*m**3/3 - 24*m**2. What is the tens digit of z(-8)?
4
Let y = 7276 - 3201. What is the units digit of y?
5
Let c be (-2)/(-7) - (-4)/(-14). Let y = c - -4. Suppose 4*f - y = 3*f. What is the units digit of f?
4
Suppose -7 = -5*l + 13. Suppose l*x = -x + 10. Suppose 7 = -x*g + 29. What is the tens digit of g?
1
What is the thousands digit of (-29757)/(-8) - (-9)/24?
3
Suppose -1 = -4*n - 1. What is the hundreds digit of (23 + -24)/(2/(-214) - n)?
1
What is the thousands digit of (-48)/10*(-7 - 1140/5)?
1
Suppose 0 = -7*t + 12*t. Suppose -4*l + 7 + 13 = t. Let d = l - -13. What is the tens digit of d?
1
Let s(o) = 21*o**3 - 4*o**2 - 11*o + 24. What is the units digit of s(5)?
4
Let c = -22 - -22. Suppose -6*o - 4*o + 320 = c. What is the units digit of o?
2
What is the thousands digit of ((-4254)/2 + -9)*(-2)/3?
1
Let i = 128 + -59. What is the tens digit of i?
6
Suppose b - 6 = v - 3*v, 0 = 2*v - 2. Suppose -118 = -2*r - 2*r + 2*x, -b*x = 2*r - 54. What is the units digit of r?
9
Suppose 5*w = 4*w - 4, 2*r - 4*w = 222. Suppose -5*k + r + 17 = 0. Let p = 41 - k. What is the tens digit of p?
1
Let r = 1 + 3. Let i be ((-6)/r)/(6/16). Let m(j) = j**3 + 3*j**2 - 3*j + 7. What is the units digit of m(i)?
3
Suppose -d = -6*d + 20. Suppose 0*s - d = 4*s. What is the units digit of (3/6)/(s/(-34))?
7
Suppose 1160 = 2*h - 10*h. What is the units digit of (4 + (-22)/5)*h?
8
Let j(k) = -4*k**2 + k**3 - 4 - 8 + 13*k - 17*k. What is the units digit of j(6)?
6
Let b be (-5 + 0)/(1 + -2). Suppose -9 = 3*z, -b*s - 4*z = 2 + 5. Suppose 7 = m - s. What is the units digit of m?
8
Suppose 0 = 4*r - 9*r + 10. Suppose 426 = 4*c - r*b, -c = 2*b - 150 + 31. What is the units digit of c?
9
Suppose 4*i + 383 = -5*u, 3*u + 2*u - 433 = 4*i. Let z = 18 - i. What is the units digit of z?
0
Suppose -2*j = -0 - 4. Suppose -5*u - j*i = -426, 3*u - 254 = -3*i + i. What is the tens digit of (-8)/(-32) - u/(-8)?
1
Suppose 4*r - 730 = -2*c + 8*r, 5*r + 1472 = 4*c. What is the units digit of c?
3
Let c = 52 + -50. Suppose 46 = c*a - a. What is the tens digit of a?
4
Let g be (-4)/(-8)*(1 + 137). Let u = -1 - -6. Suppose 0 = u*m - i - 104, -5*m + 15 = 4*i - g. What is the tens digit of m?
2
Let y be 2 + (-6 - -3)/3. Let v(l) be the first derivative of 4*l**3 - l**2/2 + l + 2. What is the tens digit of v(y)?
1
Let s = -313 + 1058. What is the hundreds digit of s?
7
Let m(c) = -c**2 - 10*c - 9. Let b be m(-8). Suppose -b*q - 51 = -10*q. What is the units digit of q?
7
Suppose -5*p + 1683 = 3*n, -675 = -4*p + 2*p - 3*n. What is the tens digit of p?
3
Let k = -1473 - -2418. What is the hundreds digit of k?
9
Let s(a) = -a**3 - 6*a**2 + 17*a + 15. What is the tens digit of s(-10)?
4
Let d(l) = -l**3 + 8*l**2 + 6*l + 3. Suppose 4*u - 3*c + 4*c - 22 = 0, 2*u - 14 = c. What is the units digit of d(u)?
1
Let n(b) = 559*b - 8. What is the tens digit of n(4)?
2
Let y be (-6111)/(-6) - 1/(-2). Suppose -3*h - r = -769, -3*r - y = -4*h + 2*r. What is the units digit of h?
6
Suppose -7*f + 4*f = -3*a + 16461, -2 = -2*f. What is the thousands digit of a?
5
Let l be 48/26 + 8/52. Suppose -3 = -5*b - 4*v + 1, -2*v = -2*b - l. Suppose -5*p + 5*k + 150 = -b*p, 4*p - k = 111. What is the units digit of p?
7
Let f(x) = -8*x - 1. Suppose -23 = -3*q - u + 1, 3*q = -3*u + 24. Let i(l) = l**3 - 8*l**2 + l - 9. Let z be i(q). What is the units digit of f(z)?
7
Let a(r) = 4*r**3 + 8*r**2 + 6*r + 2*r - 3*r**3 + 6 + r. Let c be a(-7). What is the units digit of (42/c)/(3/(-8))?
4
What is the tens digit of ((-40)/28)/(9/(-1449))?
3
Let m = 753 - 385. What is the tens digit of m?
6
Let h be (-266)/3 - 8/(-12). Let k = h - -148. What is the tens digit of k?
6
Suppose 0 = 464*h - 457*h - 6188. What is the tens digit of h?
8
Let r(x) = x**3 - 5*x**2 + 2*x + 20. Suppose -j + 1 = -4. What is the tens digit of r(j)?
3
Let t(p) = -p**2 - 5*p - 1. Let o(l) = -4*l**3 + l**2 - 1. Let y be o(1). Let m be t(y). Suppose -3*g = -0 - m. What is the units digit of g?
1
Let h be 8/(-10)*(-10)/4. Suppose -h*b = 2*s + b - 59, -5*b = 3*s - 88. Let i = -6 + s. What is the units digit of i?
5
Suppose 0 = p - 2, 8*p = 2*h + 6*p - 1216. What is the hundreds digit of h?
6
Let x(i) = 3*i**3 + 3*i - 3. Suppose -s = s + 70. Let g be (-2)/6 + s/(-15). What is the units digit of x(g)?
7
Suppose g + 5*v - 11 = 0, -9 = -2*g + 5*v - 2. Suppose -g*z + 71 = p - 4*z, -4*z - 8 = 0. What is the tens digit of p?
7
What is the tens digit of 0/(-2 - 0) + -70 + 1292?
2
Let u = 466 + 33. What is the tens digit of u?
9
What is the units digit of (-153)/(-102) - 194/(-4)?
0
Let g be (-3)/(3/2)*37. Let r be 1/(1 - (-60)/(-58)). Let x = r - g. What is the tens digit of x?
4
Let u(s) = -s**2 - 8*s - 3. Let c be u(-4). Suppose -c + 1 = -3*m. Suppose 0 = m*q + 40 - 152. What is the units digit of q?
8
Let g(k) = 2*k. Let q be g(12). Suppose 2*m - 7*m = 2*r + 31, 4*m = -2*r - q. Let f(o) = -o**2 - 7*o + 13. What is the tens digit of f(m)?
1
Suppose 0 = -3*p + 55 - 7. Suppose 19*m - p*m = 132. What is the units digit of m?
4
What is the units digit of (-26226)/(-36) - 1/(-2) - -1?
0
Let y be (-470)/(-13) + 34/(-221). Let r = 87 - y. What is the tens digit of r?
5
Let o(u) be the first derivative of 23*u**2/2 - 6*u - 4. What is the units digit of o(4)?
6
Let l(q) be the third derivative of q**5/24 + q**4/2 - 7*q**3/6 + 8*q**2. Let d(v) be the first derivative of l(v). What is the tens digit of d(4)?
3
Let h be (16/10)/((-2)/(-5)). Let u(t) = t**2 + 1. Let r be u(h). Suppose -l +